{"id":86,"date":"2024-12-05T21:52:49","date_gmt":"2024-12-05T20:52:49","guid":{"rendered":"https:\/\/evang-gemeinde-dudenhofen.de\/?page_id=86"},"modified":"2024-12-05T21:52:49","modified_gmt":"2024-12-05T20:52:49","slug":"wir-ueber-uns","status":"publish","type":"page","link":"https:\/\/evang-gemeinde-dudenhofen.de\/?page_id=86","title":{"rendered":"Wir \u00fcber uns"},"content":{"rendered":"\n<p><strong>Kurzer \u00dcberblick<\/strong><\/p>\n\n\n\n<p>Die Kirchengemeinde Dudenhofen umfasst die D\u00f6rfer Dudenhofen, Harthausen und Hanhofen. In den ehemals katholischen D\u00f6rfern entstand durch Zuz\u00fcge eine evangelische Gemeinde.<br>Unsere Gemeinde hat zur Zeit ca. 2600 Mitglieder.<br>1961 wurde in Dudenhofen f\u00fcr damals 500 Evangelische im Ort eine Kirche gebaut. (Dudenhofen geh\u00f6rte kirchlich zu Speyer, Harthausen zu Schwegenheim, Hanhofen zu Gommersheim)<br>Seit 1982 besteht die Kirchengemeinde in ihrer jetzigen Form.<br>Da wir durch diese Vorgeschichte wenig traditionell gepr\u00e4gt sind, spielt eine \u00fcber Generationen gepr\u00e4gte Verbindung zu dieser Gemeinde kaum eine Rolle. An unserem Gemeindeleben nehmen Menschen teil, weil Ihnen der Glaube an Jesus Christus wichtig ist und sie Teil dieser Gemeinde sein wollen. So hat sich ein gro\u00dfer Kern von Menschen, die am Gemeindeleben teilnehmen, gebildet. Mehr als 150 Menschen arbeiten in irgendeiner Weise in unserer Kirchengemeinde mit.<br>Zu unserer Kirchengemeinde geh\u00f6ren aber auch eine Menge Menschen, die am Gemeindeleben nicht oder nur sehr sporadisch teilnehmen.<br>Wir freuen uns \u00fcber Menschen, die den Kontakt zur Gemeinde suchen, an Gottesdiensten und Veranstaltungen teilnehmen. Wir laden sie ein, uns kennen zu lernen und in unserer Gemeinde mitzuleben.<\/p>\n","protected":false},"excerpt":{"rendered":"<p>Kurzer \u00dcberblick Die Kirchengemeinde Dudenhofen umfasst die D\u00f6rfer Dudenhofen, Harthausen und Hanhofen. In den ehemals katholischen D\u00f6rfern entstand durch Zuz\u00fcge eine evangelische Gemeinde.Unsere Gemeinde hat zur Zeit ca. 2600 Mitglieder.1961 wurde in Dudenhofen f\u00fcr damals 500 Evangelische im Ort eine Kirche gebaut. (Dudenhofen geh\u00f6rte kirchlich zu Speyer, Harthausen zu Schwegenheim, Hanhofen zu Gommersheim)Seit 1982 besteht die Kirchengemeinde in ihrer jetzigen Form.Da wir&hellip;<\/p>\n","protected":false},"author":1,"featured_media":87,"parent":0,"menu_order":0,"comment_status":"closed","ping_status":"closed","template":"","meta":{"footnotes":""},"class_list":["post-86","page","type-page","status-publish","has-post-thumbnail","hentry","ctfw-has-image"],"_links":{"self":[{"href":"https:\/\/evang-gemeinde-dudenhofen.de\/index.php?rest_route=\/wp\/v2\/pages\/86","targetHints":{"allow":["GET"]}}],"collection":[{"href":"https:\/\/evang-gemeinde-dudenhofen.de\/index.php?rest_route=\/wp\/v2\/pages"}],"about":[{"href":"https:\/\/evang-gemeinde-dudenhofen.de\/index.php?rest_route=\/wp\/v2\/types\/page"}],"author":[{"embeddable":true,"href":"https:\/\/evang-gemeinde-dudenhofen.de\/index.php?rest_route=\/wp\/v2\/users\/1"}],"replies":[{"embeddable":true,"href":"https:\/\/evang-gemeinde-dudenhofen.de\/index.php?rest_route=%2Fwp%2Fv2%2Fcomments&post=86"}],"version-history":[{"count":1,"href":"https:\/\/evang-gemeinde-dudenhofen.de\/index.php?rest_route=\/wp\/v2\/pages\/86\/revisions"}],"predecessor-version":[{"id":89,"href":"https:\/\/evang-gemeinde-dudenhofen.de\/index.php?rest_route=\/wp\/v2\/pages\/86\/revisions\/89"}],"wp:featuredmedia":[{"embeddable":true,"href":"https:\/\/evang-gemeinde-dudenhofen.de\/index.php?rest_route=\/wp\/v2\/media\/87"}],"wp:attachment":[{"href":"https:\/\/evang-gemeinde-dudenhofen.de\/index.php?rest_route=%2Fwp%2Fv2%2Fmedia&parent=86"}],"curies":[{"name":"wp","href":"https:\/\/api.w.org\/{rel}","templated":true}]}}